NOAA-Style Climate Reports

Select a Year or Month report
2019: Jan Feb Mar Apr May Jun Jul Aug Sep Oct Nov Dec
2018: Jan Feb Mar Apr May Jun Jul Aug Sep Oct Nov Dec

Report for 2019 February
                   Monthly Climatological Summary for Feb 2019

Name: Linkwater School   City: Linkwater   State: Marlborough
Elevation: 8 m  Lat: S 41 17 21   Lon: E 173 52 44

                  Temperature (°C), Rain (mm), Wind Speed (km/h)

                                      Heat  Cool        Avg
    Mean                              Deg   Deg         Wind                 Dom
Day Temp  High   Time   Low    Time   Days  Days  Rain  Speed High   Time    Dir
----------------------------------------------------------------------------------
01  21.9  28.1   11:17  15.1   23:51   0.4   4.0   0.0   4.2  41.3   11:47   SSE
02  18.6  25.5   16:02  14.3   04:30   1.5   1.8   0.0   3.2  20.7   16:07   NNE
03  19.9  28.6   11:28   9.4   06:48   2.5   4.2   0.0   1.4  18.6   11:25   NNE
04  22.1  30.9   11:24  11.6   05:44   1.7   5.5   0.0   3.7  39.3   12:09     W
05  25.2  34.3   15:20  15.5   03:34   0.3   7.3   0.0   9.0  47.9   11:19     S
06  15.9  21.6   00:00  13.1   22:01   2.5   0.1   0.0   5.1  41.3   16:14   NNE
07  15.9  23.2   15:44  10.8   23:54   3.0   0.7   0.0   3.5  25.7   04:32   NNE
08  17.9  27.2   15:32   7.1   06:36   3.4   3.0   0.0   2.4  29.2   15:10     N
09  21.5  29.3   15:28  14.7   23:48   0.3   3.6   0.0   3.3  25.7   13:44    NE
10  20.7  29.6   14:50  10.8   06:11   2.1   4.4   0.0   2.4  32.8   16:44     N
11  22.0  27.1   10:31  12.3   05:49   1.5   5.3   0.0   2.4  12.1   08:32   ENE
12  24.4  30.5   15:49  15.6   04:00   0.3   6.4   0.0   3.6  35.8   14:50     N
13  20.8  27.7   10:05  13.8   05:45   1.1   3.6   0.0   1.8  12.1   12:55     N
14  22.2  31.2   13:17  13.4   05:45   1.3   5.2   0.0   2.8  35.8   18:05    NW
15  19.5  20.8   13:34  17.1   07:15   0.1   1.4   0.0   3.2  10.1   07:23   NNE
16  17.0  22.0   10:48  10.1   07:01   2.3   1.1   0.0   3.3  15.6   13:35     N
17  18.5  26.6   13:58  11.5   04:28   2.3   2.5   0.0   2.3  27.2   15:16     N
18  18.3  28.6   11:09   9.7   06:47   2.8   2.8   0.0   2.3  15.6   15:44   NNE
19  20.9  31.0   14:59  11.6   02:58   2.0   4.5   0.0   1.8  34.3   19:16     N
20  21.5  29.2   15:25  16.7   05:31   0.2   3.4   0.0   3.3  25.7   04:03    NE
21  22.2  28.2   10:49  16.6   05:09   0.3   4.1   0.0   3.3  37.8   16:59   NNW
22  21.7  27.4   15:00  17.0   07:27   0.2   3.5   0.0   2.3  29.2   19:11     N
23  18.1  24.3   14:34  14.7   04:27   1.2   1.0   0.0   2.6  13.6   16:57     N
----------------------------------------------------------------------------------
    20.3  34.3     5     7.1     8    33.3  79.4   0.0   3.2  47.9     5     NNE

Max >=  27.0 16
Max <=  10.0  0
Min <=   0.0  0
Min <=  -5.0  0
Max Rain: 0.0 on day 0
Days of Rain: 0 (>= 0.2 mm)  0 (>= 2.0 mm)  0 (>= 20.0 mm)
Heat Base: 18.3  Cool Base: 18.3  Method: Integration